ivided by 33?
22
What is the remainder when 183707 is divided by 6788?
431
Calculate the remainder when 93057 is divided by 31015.
12
Calculate the remainder when 129802664 is divided by 30.
14
What is the remainder when 153170 is divided by 38282?
42
Calculate the remainder when 863028 is divided by 287674.
6
What is the remainder when 952782 is divided by 276?
30
Calculate the remainder when 2709941 is divided by 245.
241
Calculate the remainder when 192492 is divided by 1242.
1224
What is the remainder when 5444405 is divided by 544436?
45
What is the remainder when 189914 is divided by 10106?
8006
What is the remainder when 151140 is divided by 770?
220
What is the remainder when 199930 is divided by 227?
170
What is the remainder when 36809134 is divided by 15866?
14
Calculate the remainder when 718453 is divided by 23112.
1981
What is the remainder when 734225269 is divided by 977?
976
What is the remainder when 136691 is divided by 100?
91
Calculate the remainder when 16148187 is divided by 1296.
27
What is the remainder when 260112 is divided by 9213?
2148
What is the remainder when 85442571 is divided by 745?
11
What is the remainder when 143404 is divided by 106?
92
Calculate the remainder when 38300 is divided by 145.
20
Calculate the remainder when 4312524 is divided by 1078006.
500
Calculate the remainder when 777113 is divided by 21003.
2
What is the remainder when 1690301 is divided by 1069?
212
What is the remainder when 227772 is divided by 2812?
0
Calculate the remainder when 54963636 is divided by 3215.
3211
What is the remainder when 38237503 is divided by 1099?
1095
Calculate the remainder when 10096697 is divided by 1148.
37
What is the remainder when 43204 is divided by 17373?
8458
Calculate the remainder when 64280 is divided by 345.
110
What is the remainder when 5138030 is divided by 4?
2
Calculate the remainder when 49800298 is divided by 49800280.
18
What is the remainder when 2582164 is divided by 625?
289
Calculate the remainder when 92707309 is divided by 37.
35
What is the remainder when 3442466 is divided by 188?
186
Calculate the remainder when 12158351 is divided by 7190.
61
Calculate the remainder when 198935 is divided by 1243.
55
Calculate the remainder when 44484 is divided by 1096.
644
What is the remainder when 2767111 is divided by 53212?
87
Calculate the remainder when 2821944 is divided by 45.
39
Calculate the remainder when 3024300 is divided by 8022.
6
Calculate the remainder when 427635 is divided by 1710.
135
Calculate the remainder when 86726624 is divided by 2280.
2264
What is the remainder when 389467 is divided by 25951?
202
What is the remainder when 4060711 is divided by 451190?
1
What is the remainder when 72984 is divided by 72241?
743
Calculate the remainder when 355268 is divided by 50733.
137
Calculate the remainder when 13342593 is divided by 637.
628
What is the remainder when 30437067 is divided by 70?
17
What is the remainder when 326826 is divided by 4176?
1098
What is the remainder when 9130 is divided by 7527?
1603
What is the remainder when 8258728 is divided by 13?
10
What is the remainder when 113952926 is divided by 9496077?
2
What is the remainder when 584289 is divided by 17617?
2928
What is the remainder when 20704013 is divided by 251?
27
What is the remainder when 825621 is divided by 282?
207
Calculate the remainder when 54293663 is divided by 7.
4
What is the remainder when 38288 is divided by 840?
488
What is the remainder when 143081 is divided by 79?
12
What is the remainder when 2173357 is divided by 13252?
29
Calculate the remainder when 1266120 is divided by 55048.
16
Calculate the remainder when 10082046 is divided by 5040877.
292
What is the remainder when 175457568 is divided by 115?
113
What is the remainder when 902124 is divided by 186?
24
Calculate the remainder when 860369 is divided by 23.
8
Calculate the remainder when 16245 is divided by 5.
0
Calculate the remainder when 69474 is divided by 34662.
150
Calculate the remainder when 147923 is divided by 110.
83
What is the remainder when 352119 is divided by 352095?
24
Calculate the remainder when 3343940 is divided by 2983.
2980
Calculate the remainder when 1843615 is divided by 10.
5
What is the remainder when 2401054 is divided by 9379?
30
What is the remainder when 161034985 is divided by 7319771?
23
Calculate the remainder when 18292476 is divided by 9146229.
18
Calculate the remainder when 3318327 is divided by 961.
955
What is the remainder when 706635 is divided by 803?
798
Calculate the remainder when 59878 is divided by 18730.
3688
Calculate the remainder when 7574645 is divided by 7146.
7031
Calculate the remainder when 2388237 is divided by 1253.
19
Calculate the remainder when 383048 is divided by 127665.
53
Calculate the remainder when 68173 is divided by 10364.
5989
Calculate the remainder when 82684 is divided by 4135.
4119
What is the remainder when 475743819 is divided by 10?
9
Calculate the remainder when 413440 is divided by 867.
748
Calculate the remainder when 12965685 is divided by 93.
90
Calculate the remainder when 8495850 is divided by 86.
82
Calculate the remainder when 23562 is divided by 2940.
42
What is the remainder when 187972 is divided by 46681?
1248
What is the remainder when 12377481 is divided by 343?
326
What is the remainder when 7756773 is divided by 147?
24
What is the remainder when 715184 is divided by 697?
62
What is the remainder when 94751817 is divided by 1517?
1514
What is the remainder when 1541160 is divided by 770129?
902
What is the remainder when 1001929 is divided by 2595?
259
What is the remainder when 3424802 is divided by 2201?
46
Calculate the remainder when 479739 is divided by 58.
21
What is the remainder when 183696 is divided by 22943?
152
Calculate the remainder when 607531 is divided by 89.
17
What is the remainder when 148388 is divided by 19266?
13526
What is the remainder when 265114 is divided by 492?
418
Calculate the remainder when 26983 is divided by 172.
151
What is the remainder when 3028241 is divided by 3028154?
87
What is the remainder when 11602 is divided by 153?
127
What is the remainder when 10262229 is divided by 2052441?
24
Calculate the remainder when 1269197 is divided by 356.
57
Calculate the remainder when 47482 is divided by 609.
589
Calculate the remainder when 136514 is divided by 286.
92
Calculate the remainder when 8985944 is divided by 8985838.
106
Calculate the remainder when 266509509 is divided by 133254751.
7
What is the remainder when 5286368 is divided by 19?
17
What is the remainder when 475821397 is divided by 10?
7
Calculate the remainder when 2685871 is divided by 15525.
46
Calculate the remainder when 118467 is divided by 23682.
57
What is the remainder when 54458 is divided by 434?
208
What is the remainder when 702313 is divided by 83?
50
Calculate the remainder when 40759199 is divided by 333.
332
What is the remainder when 37713 is divided by 12403?
504
What is the remainder when 12162 is divided by 2952?
354
What is the remainder when 3163008 is divided by 3162930?
78
Calculate the remainder when 68963 is divided by 21646.
4025
What is the remainder when 68957732 is divided by 125606?
38
What is the remainder when 4443073 is divided by 3474?
3301
What is the remainder when 5778392 is divided by 19?
17
What is the remainder when 6020028 is divided by 211?
198
What is the remainder when 32632719 is divided by 68?
63
Calculate the remainder when 44584 is divided by 4798.
1402
What is the remainder when 119168498 is divided by 235?
233
What is the remainder when 148101 is divided by 541?
408
Calculate the remainder when 4157528 is divided by 94489.
12
Calculate the remainder when 253290996 is divided by 13.
10
What is the remainder when 4979900 is divided by 83?
66
Calculate the remainder when 434684 is divided by 434681.
3
What is the remainder when 11873201 is divided by 913320?
41
Calculate the remainder when 113087 is divided by 56541.
5
What is the remainder when 26258 is divided by 5036?
1078
What is the remainder when 12141 is divided by 10659?
1482
What is the remainder when 83407 is divided by 803?
698
What is the remainder when 833876 is divided by 10169?
18
What is the remainder when 58